base 15, what is 1a778 - -9?
1a782
In base 9, what is -5013322 - 320?
-5013642
In base 3, what is 1000220 - 111120200?
-110112210
In base 14, what is 330 - -409c?
43cc
In base 4, what is -22030101021021 + -11?
-22030101021032
In base 9, what is -3658067 + -5?
-3658073
In base 9, what is -37884630 + 3?
-37884626
In base 8, what is 10224 + -47700?
-37454
In base 9, what is 46 + -731465?
-731418
In base 4, what is -1103201222 - 32?
-1103201320
In base 13, what is -4710a - 9?
-47116
In base 9, what is -145 + -1323855?
-1324111
In base 7, what is 2144662 - -65?
2145060
In base 4, what is 1103111 - -30121?
1133232
In base 3, what is -1220102000220001211 - 2?
-1220102000220001220
In base 6, what is 43242 + 20531?
104213
In base 10, what is -333 - -29792?
29459
In base 7, what is -243 - -1641023?
1640450
In base 3, what is -222100 + -22122121111?
-22200120211
In base 7, what is -232 - -162211214?
162210652
In base 5, what is 42 + -4422141100?
-4422141003
In base 14, what is -238c4 - a8?
-2398c
In base 9, what is -4 + -44447604?
-44447608
In base 3, what is -1011100 + -21110222101?
-21112010201
In base 13, what is 4 + 1a11a4?
1a11a8
In base 5, what is -11204431 + -42130?
-11302111
In base 7, what is -544 - 64512?
-65356
In base 5, what is 1131301132332 - 0?
1131301132332
In base 8, what is 2 + -35017?
-35015
In base 10, what is 1752058 + -6?
1752052
In base 10, what is 1 + -11932221?
-11932220
In base 7, what is 13 - 60040135?
-60040122
In base 3, what is 202002 - 1100111?
-121102
In base 3, what is 220212 - -220210?
1211122
In base 2, what is 1001101101111011010 + -11100001?
1001101101011111001
In base 7, what is 3053 - 1051?
2002
In base 2, what is -100001101111011 - -100110101111?
-11100111001100
In base 15, what is 125eb2 + 21?
125ed3
In base 2, what is -11 + 1110001110001011010000?
1110001110001011001101
In base 9, what is -2367 + -1872?
-4350
In base 9, what is -2 - 136077025?
-136077027
In base 13, what is 319 - -5112?
542b
In base 15, what is 1456 - 56b?
dda
In base 6, what is 0 - -31302534?
31302534
In base 5, what is 14102 + 1211?
20313
In base 11, what is -7a59 + -47239?
-54197
In base 12, what is 12 + 167273?
167285
In base 11, what is -1 - 1249727?
-1249728
In base 12, what is 17a85 + -11b?
17966
In base 14, what is -47b243 + -2?
-47b245
In base 2, what is -100 - -110010000010110000110110?
110010000010110000110010
In base 12, what is 1 - b0678?
-b0677
In base 9, what is -800 - -15337?
14437
In base 9, what is 3 + -1347855?
-1347852
In base 6, what is -215 + -31125452?
-31130111
In base 14, what is -1d - -bdd91?
bdd72
In base 11, what is -715a - -1259?
-5a01
In base 9, what is -168 - -523726?
523547
In base 6, what is -2434 - -3542520?
3540042
In base 11, what is 892 + -261a2?
-25410
In base 6, what is -1215205041 - -4?
-1215205033
In base 15, what is -2c876 - 7c?
-2c903
In base 4, what is -2312333 + 2313?
-2310020
In base 16, what is 81e6 + 2096?
a27c
In base 8, what is -50162 - -2457?
-45503
In base 2, what is -1010000001 - -101111101101110011001?
101111101100100011000
In base 12, what is 3b5a6 - 7?
3b59b
In base 9, what is 4126 + 10300?
14426
In base 11, what is 1884a58 - -5?
1884a62
In base 9, what is 7 + 1066013?
1066021
In base 11, what is 1159 - -49873?
4aa21
In base 12, what is -232a - 75b8?
-9926
In base 9, what is -252 + 30847?
30585
In base 9, what is -1868172 - 15?
-1868187
In base 15, what is 35ee - -1a8?
37a7
In base 9, what is -1305836 - -57?
-1305768
In base 2, what is 110101000010101111011100001 + 1?
110101000010101111011100010
In base 2, what is -100110111110100111011 - -10?
-100110111110100111001
In base 6, what is 1 + -104540554?
-104540553
In base 4, what is 312221 + -2113312?
-1201031
In base 11, what is 8256a02 + -2?
8256a00
In base 4, what is -22131 - 3021120030?
-3021202221
In base 8, what is 14750061 - 26?
14750033
In base 5, what is 231011131000 - -14?
231011131014
In base 11, what is -5 - 26348a6?
-2634900
In base 4, what is 23 - -111103013?
111103102
In base 2, what is -100111011101001111100100 - -101?
-100111011101001111011111
In base 16, what is -2d09 - -2d8?
-2a31
In base 11, what is -146007019 + 2?
-146007017
In base 7, what is -233 + -363002?
-363235
In base 9, what is -1245 + -5535?
-6781
In base 15, what is -33a0 - bbe7?
-10097
In base 4, what is -11230011002 + -2322?
-11230013330
In base 4, what is 22 + -302111321?
-302111233
In base 6, what is 301 + -13153455?
-13153154
In base 5, what is 300 - 241423321?
-241423021
In base 8, what is 54313307 - 7?
54313300
In base 7, what is -620 + 222522?
221602
In base 5, what is 4 + 300141414?
300141423
In base 5, what is 1 - 2241334014?
-2241334013
In base 10, what is -3527497 - 4?
-3527501
In base 9, what is -2 + -51262206?
-51262208
In base 5, what is -3400122 - -21110?
-3324012
In base 11, what is 5 - -116313a?
1163144
In base 5, what is -2 - 11004101423?
-11004101430
In base 11, what is -a584870 + 1?
-a58486a
In base 5, what is -4 + -204201110203?
-204201110212
In base 15, what is -2 - 26ae315?
-26ae317
In base 8, what is -1064 - -125343?
124257
In base 2, what is 101 - 1110100010011011101011101?
-1110100010011011101011000
In base 6, what is 4 - 14050535?
-14050531
In base 3, what is 220 - -10010000120101?
10010000121021
In base 11, what is 12a0789 + 29?
12a0807
In base 13, what is -ac7abb + -4?
-ac7ac2
In base 7, what is -160216 + -1244?
-161463
In base 12, what is 1883bb1 - 1?
1883bb0
In base 11, what is 79 + -1313424?
-1313356
In base 2, what is 1000100 + -101001110100110111001?
-101001110100101110101
In base 7, what is -66 + -22140262?
-22140361
In base 15, what is 888db - 1d?
888bd
In base 16, what is -9d86 - 2d4?
-a05a
In base 14, what is 13b75 - -6a?
13c01
In base 10, what is 572 + -20189?
-19617
In base 16, what is -ec6 - 70a?
-15d0
In base 4, what is 203 + 20331130120?
20331130323
In base 11, what is -a131a0 + -20?
-a13210
In base 11, what is -136378 + 214?
-136164
In base 9, what is -763153230 - -1?
-763153228
In base 7, what is -3340 - 224331?
-231001
In base 16, what is 158c8d8c - -2?
158c8d8e
In base 12, what is 55402 + -505?
54ab9
In base 6, what is -20 + -404140154?
-404140214
In base 5, what is 31200 + 1044?
32244
In base 10, what is -10075898 + 7?
-10075891
In base 9, what is 40 - -637641?
637681
In base 3, what is 1000 + 1221012102102?
1221012110102
In base 3, what is -12 + 200012212002022?
200012212002010
In base 15, what is 9a67a + -14?
9a666
In base 2, what is -1 + -1111001001011011101?
-1111001001011011110
In base 2, what is -1111001010100110010 + -101100?
-1111001010101011110
In base 10, what is 0 + 39930725?
39930725
In base 13, what is 658cb - ac?
6581c
In base 8, what is 3203716 - 643?
3203053
In base 12, what is 1a51b5b0 - 1?
1a51b5ab
In base 10, what is 294687 - 3?
294684
In base 11, what is 233 + -a6291?
-a6059
In base 14, what is 4 - -13d6662?
13d6666
In base 11, what is -1471 - 311a?
-4590
In base 6, what is 24300 + -104224?
-35524
In base 15, what is 1 + 169073b?
169073c
In base 13, what is -4 + -160b921c?
-160b9223
In base 6, what is -20141 + -242235?
-302420
In base 14, what is 4686 - -2bdd?
7485
In base 8, what is 22 - -1623423?
1623445
In base 11, what is 4 - -20645a83?
20645a87
In base 7, what is -62313530 - -113?
-62313414
In base 11, what is -444a43 - 8?
-444a50
In base 6, what is -110 + -11522203?
-11522313
In base 5, what is 113020 + -111143?
1322
In base 3, what is 11001020200110 + -1120?
11001020121220
In base 14, what is 6cabb22 - 4?
6cabb1c
In base 9, what is 5672 + -7332?
-1550
In base 14, what is 4 - -1a43267?
1a4326b
In base 11, what is -3 + -1930152?
-1930155
In base 7, what is 165143 - 111?
165032
In base 16, what is 63c055 - 3?
63c052
In base 4, what is -223020002 + 23313?
-222330023
In base 5, what is 3124 - 100032010?
-100023331
In base 11, what is -5905 - 14561?
-1a366
In base 9, what is -23 - 551042?
-551065
In base 4, what is -13 - -110023203301?
110023203222
In base 16, what is -11 + -1602b17?
-1602b28
In base 12, what is -5b1a55 - -4?
-5b1a51
In base 8, what is 32260212 - 13?
32260177
In base 7, what is -63205 - 640?
-64145
In base 8, what is -2543051 - -47?
-2543002
In base 3, what is -10221011121 + -10?
-10221011201
In base 15, what is -6428b2 + 23?
-64288e
In base 9, what is -1814 - -171437?
1685